 5 - -5. Calculate the greatest common factor of b and 30.
10
Suppose 6*u = 3*u - 147. Let j = u - -13. Let x = j + 53. What is the greatest common divisor of 68 and x?
17
Suppose 4*r = -m + 2, -4*m = r + 2*r - 60. Calculate the highest common factor of m and 144.
18
Suppose 374 + 328 = 13*r. Let i = 18 - 12. Calculate the highest common factor of i and r.
6
Let j(u) = u**2 + 4. Let y be j(-3). Calculate the greatest common factor of y and 13.
13
Let x(f) = f + 3. Let k be x(-5). Let a be k - -9 - -2 - 1. Let t(l) = l**2 + 4*l - 1. Let n be t(-7). Calculate the highest common divisor of a and n.
4
Let m(a) = a**2 + 4*a + 5. Let r be m(-4). Let g = -52 + 33. Let n = -14 - g. What is the greatest common factor of r and n?
5
Let o(v) = 15*v - 5. Let t be o(3). Calculate the highest common factor of t and 8.
8
Suppose 0*c - 4*c = -44. Calculate the highest common divisor of 11 and c.
11
Suppose 0 = 2*b - 0 + 28. Let q be (2 - b/(-4))*-2. Let y be 4/q*9/6. Calculate the greatest common divisor of 2 and y.
2
Suppose -4*m + 798 = 4*s - 2*m, 5*m + 819 = 4*s. Let l = s - 138. Calculate the highest common divisor of 7 and l.
7
Let g be (28/(-6))/(2/(-12)). Let c = 148 + -106. Calculate the greatest common divisor of c and g.
14
Let y be (0 - 3)/((-3)/4). Let j = y + 9. Let g = 27 + -14. Calculate the greatest common divisor of j and g.
13
Let w = -9 - -20. Let g(j) = -j**3 + 6*j**2 + 8*j + 2. Let o be g(7). Suppose 5*q - o = w. What is the greatest common factor of 12 and q?
4
Let m(u) be the third derivative of -u**4/8 - u**3/6 - 2*u**2. Let b be m(-2). What is the greatest common divisor of 2 and b?
1
Let l(u) = u**3 + u + 8. Let v be l(0). What is the highest common divisor of v and 8?
8
Suppose -3*m = m - 5*c - 27, 3*m - 26 = -2*c. Let d be (-11 - -15) + 3*m. Calculate the highest common factor of d and 4.
4
Let d(m) = 2*m - 18. Let b be d(27). What is the highest common divisor of 180 and b?
36
Let y be 3 - 0/2 - -3. Let f be (-4)/6 + (-184)/(-6). Let n = f + -6. Calculate the highest common factor of n and y.
6
Let b be (1/(-2))/(1/172). Let z be 6/27 - b/18. What is the highest common divisor of 15 and z?
5
Let t(g) = -g**2 + 2*g. Let l be t(1). Let s(x) = 8*x**2. Let w be s(l). What is the greatest common divisor of w and 8?
8
Suppose 1 + 107 = 2*q. Let m = q - 0. Calculate the greatest common factor of 135 and m.
27
Let m(w) = 4*w + 1. Let u be m(6). Suppose -l = 3*l - 160. Suppose -4*s = -0*s - l. What is the greatest common factor of s and u?
5
Let m = 16 - -12. Let u = -11 + m. Calculate the highest common divisor of 68 and u.
17
Suppose h = 4*l + 232, -l + 5 = -0. Let v(p) = -p**2 + 9*p + 10. Let d be v(10). Suppose d*u - 2*u = -h. Calculate the greatest common divisor of 14 and u.
14
Suppose 2*t + 5*p = -0*p - 4, 0 = 3*t - 2*p - 13. Calculate the greatest common divisor of 3 and t.
3
Suppose 91 = 9*l + 37. Calculate the highest common divisor of 42 and l.
6
Let v(u) = u + 5. Let t be v(0). Let x(j) = j**3 - 4*j**2 - 6. Let k be x(t). Suppose 3*b - k + 4 = 0. What is the greatest common factor of 15 and b?
5
Let g be (-1 - 2)/((-1)/8). Suppose 96 = 49*p - 45*p. What is the greatest common divisor of g and p?
24
Suppose 94 = 5*g - 6. Suppose -4*d - g = -84. Calculate the highest common factor of d and 48.
16
Let n(t) = -20*t**2 - t - 1. Let y(o) = 40*o**2 + 2*o + 2. Let g(k) = -5*n(k) - 2*y(k). Let f be g(-1). Calculate the greatest common divisor of 40 and f.
20
Let i = 26 + -20. What is the greatest common divisor of 4 and i?
2
Let p = -7 + 41. What is the highest common divisor of p and 306?
34
Let w be (-54)/12*2/(-3). Suppose -4*h - w = -75. Calculate the greatest common factor of h and 18.
18
Suppose 0 = -j - f + 16, -2*f - 62 = -5*j + 2*f. Let a = j + -6. Suppose 0 = 2*c - 3*c + a. Calculate the greatest common factor of 72 and c.
8
Suppose 2*f + 2*q = 34, 2*q + 2*q = -2*f + 36. Suppose -1 = -u + 3. What is the highest common factor of f and u?
4
Suppose -2*j = j. Let a = j + 27. Let s = 66 + -57. Calculate the highest common divisor of s and a.
9
Let n = 22 + -36. Let v = -9 - n. What is the highest common divisor of v and 15?
5
Let p be (-20)/(-6)*(-18)/(-15). Suppose -z = z - p. Suppose -z*j + 3*j + 3*y - 51 = 0, -101 = -2*j - 5*y. What is the highest common factor of j and 6?
6
Suppose -225 = -5*u - 0*u. Let b = 8 + 22. Calculate the greatest common factor of b and u.
15
Let v be (-1 + 2)*-1*-20. What is the highest common factor of v and 10?
10
Let b = -8 - -12. Suppose v - 26 = -b*v - 3*k, -3*k + 22 = 4*v. Let d be 1 - v/((-8)/30). Calculate the highest common divisor of 16 and d.
16
Let x be 1 + 5 + 0 - 2. Let h be (-2)/4 + 125/10. Calculate the highest common divisor of h and x.
4
Suppose z - 4*i + 6 = 0, -5*z + 4*z - 4*i = -26. What is the highest common divisor of z and 15?
5
Let w(d) = -d**3 - 8. Let m be w(0). Let a be 2/m + 138/8. What is the greatest common divisor of a and 187?
17
Let w be (16/32)/(1/28). What is the greatest common factor of w and 14?
14
Let n = 18 - 11. Suppose 5*i + 47 - 297 = 0. Suppose -3*c = -4*t - i, 0*c + c + 3*t = 8. Calculate the highest common factor of c and n.
7
Suppose 0*a = 5*a - 990. Let f = -21 + 43. What is the highest common factor of a and f?
22
Suppose -3*f + 9 = 3*z, -4*f = 3*z - 0*z - 12. Suppose f*t = 12 + 15. Calculate the highest common divisor of 27 and t.
9
Let w(l) = l**2 + 9*l + 6. Let t be w(-9). Suppose b - 23 = -4*c + 2*c, 5*b = 3*c - 41. Calculate the highest common divisor of c and t.
6
Suppose 2*g = -2*g + 32. Let r be 4/g*(16 + -2). Calculate the greatest common factor of r and 7.
7
Suppose -4*p = -5*r - 60, 60 = -2*p + 6*p - 2*r. Suppose 0 = -3*g + c + p - 0, c + 21 = 4*g. Calculate the highest common factor of g and 3.
3
Let s be (6/(-8))/(11/(-792)). What is the greatest common divisor of s and 18?
18
Suppose 0 = -2*h + 4*h - 88. Calculate the greatest common divisor of h and 66.
22
Let t = -20 - -75. What is the greatest common factor of t and 11?
11
Suppose 5*k = 55 + 70. Let t(c) = c**3 - 3*c + 2. Let m be t(2). Suppose -25 = -p - m*p. What is the highest common divisor of k and p?
5
Suppose 5*l - 1 = 3*y + l, -4*y - 2*l = 16. Let w(r) = -7*r + 1. Let c be w(y). Suppose 0 = 3*h + 1 - 67. Calculate the greatest common factor of h and c.
22
Let m(d) = -3*d + 1. Let t be m(-5). Suppose z + 5 = 5*v, 1 + 3 = -z + 4*v. Let k = t - z. What is the greatest common divisor of k and 2?
2
Let g be -1 - ((-75 - 2) + 0). Let t = g - 46. Suppose 3*b + a - t = -a, 5*b - a = 50. What is the highest common factor of 30 and b?
10
Suppose o = -5*d + 232 + 627, -3*o + 12 = 0. Calculate the greatest common factor of 19 and d.
19
Suppose 59 = 2*t + 6*l - l, -t + 3*l + 35 = 0. What is the highest common divisor of t and 288?
32
Let x(j) be the second derivative of j**3/6 + 5*j**2 + 6*j. Let q be x(-8). Let n(v) = -4*v + 4. Let m be n(-4). What is the highest common factor of m and q?
2
Suppose 3*p = 4*p - 6. Let h(w) = 30*w - 4. Let s be h(p). Let n = 35 - 19. What is the greatest common divisor of n and s?
16
Let x(u) = -u**3 + 12*u**2 - 12*u + 29. Let a be x(11). What is the highest common factor of a and 12?
6
Let i(m) = -m**2 - 8*m + 2. Let q be i(-7). Suppose -c = -48 + 3. Suppose q*t - c = 4*t. What is the greatest common factor of t and 6?
3
Suppose 5*z - 241 = n, -4*n - 62 = -5*z + 182. Calculate the greatest common divisor of z and 120.
24
Suppose 4*k - 3*k = 88. What is the greatest common factor of k and 11?
11
Suppose -4*p + 23 - 3 = 0. Let q = -107 + 152. Calculate the greatest common divisor of p and q.
5
Let x(v) = v**3 + 10*v**2 + 6*v - 25. Let y be x(-9). Let h be (2 - 0)*10/1. What is the greatest common divisor of y and h?
2
Let q be (-144)/(-10) + 24/(-60). Calculate the greatest common factor of 42 and q.
14
Suppose -5*c + 256 = 2*l, -2*c + 110 = 2*l - 5*l. What is the highest common divisor of 13 and c?
13
Suppose -3*d = -12, -w - 4*d + 2*d + 163 = 0. Suppose -1 = k - w. Suppose -2*s + 28 = -0*s. What is the greatest common factor of s and k?
14
Let w = 50 - 20. Suppose 3*f - 30 = -2*f. Calculate the highest common divisor of w and f.
6
Let a = -18 + 34. Calculate the greatest common factor of a and 80.
16
Suppose -64 = -21*b + 20*b. What is the highest comm